reatest common divisor of p and 32489.
53
Let s be (3 - 9)*-3 - -2 - 7. Calculate the highest common divisor of 5759 and s.
13
Suppose -2*c + 106 = -4*m, 101 = 2*c + 5*m - 8*m. Suppose -r + c = 3*r - l, l = 5. Suppose 240 = r*b + 24. What is the highest common factor of 45 and b?
9
Suppose 4*b - 300 + 96 = 0. Suppose -i + 78 = b. What is the highest common divisor of 459 and i?
27
Let p(b) = 2*b**2 - 6*b - 11. Let m be p(5). Let x be 296/14 + m/(-63). What is the highest common factor of x and 24?
3
Let q = 711 + -703. Let u be 1/8*q*110. Calculate the highest common divisor of 275 and u.
55
Let l = -17124 + 17998. What is the greatest common factor of l and 76?
38
Suppose 19*b - 118 = 91. Suppose -r + d = -19 + b, 4*r - 3*d - 30 = 0. What is the greatest common divisor of r and 78?
6
Let h = -699 - -327. Let x be (h/(-36))/(1/33). Calculate the highest common factor of 11 and x.
11
Let w(s) = 4*s**2 - 11*s + 43. Let r be w(5). Suppose j - 381 = 10*x - 5*x, 0 = -5*j + 3*x + 1971. Calculate the highest common factor of r and j.
44
Let g be (-2)/((-56)/300) - (-18)/63. Suppose -26*v + g*v = -2340. Calculate the highest common divisor of 546 and v.
78
Let h(d) = -d**3 - 20*d**2 - 33*d + 152. Let g be h(-18). Calculate the greatest common divisor of g and 833.
49
Let u be (-1 - 0)*((-4650)/110 - (-6)/22). What is the greatest common factor of 6538 and u?
14
Suppose -380 = -j - 0*j. Suppose -4*l + 0*l + j = 0. Let w(r) = 36*r + 19. Let u be w(0). Calculate the highest common factor of u and l.
19
Let i be (-437)/(-7) + (-3)/7 + (94 - 103). Suppose c + 233 = 1452. What is the greatest common factor of i and c?
53
Suppose -3*k - 424 = -m - 500, 3*k - 77 = 2*m. What is the greatest common divisor of k and 270?
5
Let r be 31 - ((-43)/(387/(-108)) - 9). Suppose h + 0*v = 5*v - 2, -5*v - 6 = -2*h. Calculate the highest common divisor of h and r.
4
Let z = 3337 - 3322. What is the greatest common divisor of 465 and z?
15
Suppose -8*i - 2*f = -3196, 7*i - 10*i + 1195 = -f. Calculate the highest common divisor of 513 and i.
57
Let y be 108/(-81) + 4418/6. Let p = 119 + -70. Calculate the highest common divisor of p and y.
49
Let y = -10430 + 10460. Let m = -7 - -12. Suppose m*b + 120 = 495. Calculate the highest common factor of b and y.
15
Let q(x) = 2*x - 13. Let r be q(3). Let i(c) = -5*c + 14. Let h be i(r). Suppose t = -10*t + 77. Calculate the highest common factor of t and h.
7
Let h = -13316 - -13328. What is the highest common factor of 309 and h?
3
Let m(y) = y**2 - 21*y + 87. Let q be m(16). Suppose -2*n = q*n - 18. Calculate the highest common factor of n and 138.
2
Suppose m - 5*w - 139 = 0, -5*w = 5*m + 48 - 863. Suppose 30 = 3*l - m. Calculate the highest common factor of 105 and l.
21
Let q(c) = c**3 + 49*c**2 - 35*c - 90. Let t be q(-44). What is the highest common divisor of 106 and t?
106
Let f = -1513 - -1603. Let i = 177 + -162. Calculate the highest common factor of f and i.
15
Let w be (685/30)/(4/24). Suppose -3*z = 3*y - 582, -55 = -z - 2*y + w. What is the highest common divisor of 140 and z?
28
Let c be 3 - (-2 - -1)/((-7)/(-1218)). Suppose -6*f - c = -195. What is the greatest common factor of f and 3?
3
Suppose 17 = -4*x + 89. Suppose -135*v + 52146 - 87986 = 1637*v - 466436. Calculate the highest common divisor of v and x.
9
Suppose -59*c = -p - 63*c + 137, 3*p = -2*c + 361. What is the greatest common factor of 221 and p?
13
Let i(m) be the third derivative of m**4/24 + 29*m**3/6 - 10*m**2. Let u be i(-13). Let b be 312*(108/u)/9. Calculate the greatest common factor of 26 and b.
26
Let m(o) = -o**2 + 13*o - 44. Let u be m(6). Let n be (858/65)/(u/(-5)). Calculate the highest common factor of n and 363.
33
Suppose 0*o = -5*o + 120. Let b be (-4 - 14)/3 - -11. Suppose y + b*a = 12, y - 12*a - 12 = -7*a. Calculate the highest common factor of y and o.
12
Let a be (1 + -4)*320/192. Let g be (52/10)/(a/(-25)). Calculate the highest common divisor of g and 533.
13
Let m be 15/105 - 558/(-14). Let v = -38 + m. Suppose v = 5*k - 2*r - 78, -4*r - 90 = -5*k. Calculate the greatest common divisor of k and 182.
14
Let p = -2237 - -6029. Calculate the highest common factor of p and 48.
48
Suppose -4*d - 142 = -3*q, 218*q + d + 248 = 223*q. What is the highest common divisor of 75 and q?
25
Suppose 28*x + 596 - 6616 = 0. Let g = 1 - -15. Suppose 5*r + g = 231. What is the greatest common factor of x and r?
43
Let r(s) = 63*s**2 + 447*s + 51. Let i be r(-7). Let m be (2/(-1))/(4/14). Let d be (m/5 - -1)*-15. Calculate the greatest common factor of i and d.
3
Suppose -15603 + 4515 = -77*n. What is the greatest common divisor of 3708 and n?
36
Let r(i) = 11*i + 588. Let l be r(-21). Calculate the highest common divisor of 459 and l.
51
Let r(c) = 13*c - 28. Let h be r(12). Suppose 12*q - 488 = -h. Let i = q + 0. Calculate the highest common divisor of 6 and i.
6
Let i = 294 + -271. Suppose 1426 = a + 30*a. Calculate the greatest common factor of a and i.
23
Let n = -4752 + 6236. What is the greatest common factor of n and 49?
7
Suppose -15 = -i + 6*i. Let k(f) = -11*f + 3. Let v be k(i). Let j be 6 + (7 - 14) + 10. Calculate the greatest common divisor of j and v.
9
Let b be -21 + (162/27 - -17). Calculate the greatest common factor of 838 and b.
2
Suppose 0 = -2*y - 4*j - j + 103, -4*y = 5*j - 181. Suppose -4*l = -3*o - 3*l + 355, 0 = 5*l + 20. Calculate the greatest common divisor of o and y.
39
Let y(u) = 678*u**3 + 3*u**2 + 83*u - 84. Let c be y(1). Calculate the highest common factor of c and 1292.
68
Suppose 3*f - 11 = -2*r, -5*r - 3*f + 2 = -3. Let d be 244 + r*2/(-1). What is the greatest common divisor of 16 and d?
8
Let c(y) = 4*y**3 - 10*y**2 - 14*y + 10. Let m be c(4). Calculate the highest common divisor of m and 2410.
10
Suppose -88*p - 15468 = -91*p + 4*h, 0 = 2*p + h - 10301. Calculate the highest common divisor of 336 and p.
112
Let d be (-61190)/(-30) + 26/78. What is the greatest common divisor of d and 312?
24
Let w(z) = 3*z**3 + 10*z**2 - 11*z + 30. Let s be w(5). What is the highest common factor of s and 1?
1
Let d(x) = 7 + 11 - 1 - 7*x. Let a be d(6). Let k be (a/2)/((-2)/12). Calculate the highest common factor of k and 25.
25
Let o be (-1392)/(-28) - (-792)/616. Let f be (-4)/(-10) - 1866/(-10). Calculate the highest common divisor of o and f.
17
Let o = 2218 + -1855. Calculate the highest common factor of 132 and o.
33
Let x = 89 - 72. Suppose 14*o = x*o - 585. What is the greatest common factor of 78 and o?
39
Suppose -3*u + 5*r + 17253 = 0, -u + r + 134 + 5617 = 0. What is the greatest common divisor of 355 and u?
71
Let l = 93 + -33. Suppose -20*r + 13 = -27. Suppose 0 = r*x - 4*x - 3*f + 66, 0 = x - 3*f - 24. Calculate the highest common factor of x and l.
30
Suppose -5*m + 30 = -185. Let h be -4 + -3 + -4 + m. What is the greatest common factor of h and 128?
32
Suppose 11*z + 18 = -4. Let g be 484/33 + 4*z/12. Let i be 45*((-14)/(-5) + 0). Calculate the highest common factor of i and g.
14
Let l be (-6)/10 - (-87)/145. Suppose l = q + 17 - 19. Suppose -7*g = -q*g - 5*c - 720, 8 = -2*c. What is the greatest common factor of g and 7?
7
Let c(t) = -5*t - 2. Let r be c(-1). Suppose 0*y - 4 = y, -b = -r*y - 47. Calculate the greatest common factor of b and 70.
35
Let j be (-3 + -7)/(1 - (-5)/(-3)). Let g = j + -13. Let y be -1*7/g*-2. Calculate the greatest common divisor of y and 35.
7
Suppose -m + 2*m - 5 = 0. Let a = -844 - -852. Suppose -m*p - 120 = -a*p. Calculate the greatest common factor of p and 10.
10
Let d be (527/(-17))/((-1)/(-2)). Let n be (37 - 51)/(((-8)/d)/(-2)). Suppose 186 - 31 = 5*f. What is the highest common divisor of f and n?
31
Suppose 662 = 14*d - 13*d. Let o = d - 598. Calculate the greatest common factor of o and 416.
32
Let s = 228 + 799. Let b = s + -999. Calculate the greatest common divisor of b and 574.
14
Let q = -4931 - -4931. Suppose 4*i + y - 17 = 28, -4*y = -i + 7. Suppose 10*x - i*x + 9 = q. What is the highest common divisor of x and 9?
9
Let r = -261 + 300. Let w be 2580/r + 4/(-26). Calculate the greatest common factor of w and 132.
66
Let x be ((-162)/12 - -12)/((-1)/312). What is the highest common divisor of x and 650?
26
Let w = -35 - -39. Suppose w*d + 75 + 729 = 0